-4*(-3)/(-6). What is the highest common divisor of c and h?
5
Let x(h) = 5*h**2 + 3*h - 4. Let f be x(4). Calculate the greatest common divisor of f and 22.
22
Suppose 171 = 19*v - 0*v. What is the greatest common factor of 3 and v?
3
Let s be -1*(-476)/20 + 8/(-10). Calculate the highest common factor of s and 161.
23
Suppose 0 = 9*d - 5*d - 16. Suppose d*y - 333 = -69. Calculate the highest common factor of 165 and y.
33
Let a(m) be the second derivative of -m**4/12 - m**3 - 2*m**2 + 2*m. Let d be a(-8). Let v be d/4*(-1)/1. Calculate the highest common divisor of 15 and v.
5
Let s(t) = 9*t**2 + 2*t - 3. Let a be s(-3). Calculate the highest common divisor of 8 and a.
8
Let v be (-3)/((-3)/103)*1. Suppose -x = -51 - v. What is the highest common divisor of x and 14?
14
Let p = 26 - 17. What is the highest common factor of 1 and p?
1
Suppose -17*o + 12*o = -20. Let a be 12 - (-1)/(-2)*0. Suppose -68 = -o*p - a. What is the highest common factor of 154 and p?
14
Suppose 0*a - 48 = -2*a - 5*v, -2*a = -v - 60. Let s = -48 + a. Let h = 21 - s. What is the greatest common factor of h and 10?
10
Let c be (-4)/(-18) + 23730/135. Calculate the highest common factor of c and 22.
22
Let l be 60/(-35)*(-21)/6*2. Calculate the highest common divisor of l and 276.
12
Let n(o) = -o**3 + 8*o**2 - 8*o + 9. Let j be n(6). Let u = -21 + j. Suppose 0 = -2*g - 2 + 38. Calculate the greatest common factor of u and g.
6
Let v be 1/((-497)/(-245) + (-1 - 1)). Calculate the greatest common factor of 14 and v.
7
Suppose 6 = -3*d + 5*n - 1, n = 5*d - 25. Calculate the greatest common factor of d and 30.
6
Let a(l) = -2*l - 4. Let k be a(5). Let o be 66/14 - 4/k. Let j(h) = -h**3 + 6*h**2 - 3*h - 1. Let r be j(o). Calculate the greatest common divisor of 81 and r.
9
Let w(i) = -11*i**2 + 3*i - 2. Let y be w(-3). Let k = 16 - y. Suppose -x - 70 = -6*x. What is the greatest common divisor of x and k?
14
Let q(u) = -9*u - 6. Let w be q(-4). Let r be (1 + -2)/(4*3/(-120)). Calculate the greatest common divisor of w and r.
10
Let i be -1 + 5/(10/28). Suppose 3*r - 4*k = 90, -3*r + 2*k - k + 81 = 0. What is the greatest common divisor of r and i?
13
Let r be (-1 - -5 - 1)*1. What is the greatest common divisor of 18 and r?
3
Suppose 5*f - 61 = -11. Let r(m) = -4*m + 8. Let c be r(-8). Calculate the greatest common factor of c and f.
10
Let k be (-2)/(-1)*33/(-6). Let n be (-724)/k + 8/44. Calculate the highest common factor of n and 6.
6
Suppose -3*j + 18 + 0 = 0. Let t be (-1 + (-7)/(-2))*j. Suppose -2*f - 99 + 339 = 0. Calculate the highest common divisor of f and t.
15
Suppose -h + 7 = -4*m, -3*m - 4 = m. Let k = 14 - h. What is the highest common factor of 99 and k?
11
Let h be (-2)/(-8) + (-7)/(-4). Suppose 0 = -3*k - 2*k + 10. What is the greatest common divisor of k and h?
2
Let t(p) = -31*p - 7. Let k be t(-7). What is the greatest common divisor of k and 30?
30
Suppose -72 = x - 5*x. What is the greatest common factor of 18 and x?
18
Suppose -20*s = -21*s + 23. Calculate the highest common divisor of 23 and s.
23
Suppose 5*j = -f + 12 + 8, 5*f = j - 30. Suppose 0 = -a - 4*r + 39, a - 67 = -a + 3*r. What is the highest common divisor of a and j?
5
Let d be (-4576)/(-48)*6/4. What is the greatest common divisor of d and 11?
11
Let y = -3 + 6. Suppose -3*n + 39 = y. What is the greatest common factor of 3 and n?
3
Let a(s) = -s**3 - 6*s**2 + 5*s - 6. Let n be a(-7). Let g = n - 11. Let w be (-36)/(-3) - -1 - g. Calculate the highest common divisor of 144 and w.
16
Let t = -85 + 89. What is the highest common factor of 68 and t?
4
Suppose -5*o = -j + 4, 3*j + 4*o = -o + 52. What is the greatest common divisor of 224 and j?
14
Let s be 18*(2*-1 + 21/6). Calculate the greatest common factor of s and 36.
9
Let r be (-2)/(-1) + 1*2. Let i be (-22)/(-4) + 3/6. Let j = i - -2. Calculate the greatest common divisor of j and r.
4
Suppose -h - 4*v + 3*v = -7, 23 = 2*h - v. What is the highest common factor of 35 and h?
5
Let v be -6 + 6 + 376/2. Suppose -4*b - 38 = -f, -3*f + 4*b = f - v. What is the highest common divisor of f and 10?
10
Suppose -11 = -3*w - 4*g, -w - 2*w - 5*g + 10 = 0. Suppose -t + 9 = 2*i - 11, -w = -3*t + 5*i. Calculate the greatest common factor of 15 and t.
5
Let w(y) = -y + 29. Let p be w(9). Let q = -3 + 3. Suppose q*b + 30 = 3*b. What is the greatest common factor of b and p?
10
Let w(y) = -y**3 - y + 14. Let q be w(0). Suppose -2*j + 5*o = -0*j - 14, -18 = -5*j + 4*o. Calculate the highest common factor of q and j.
2
Let q be (8/5)/((-2)/(-320)). Suppose 5*x + 2*u = q, -5*x + 0*u + 258 = u. Let y = -33 + x. Calculate the greatest common factor of 19 and y.
19
Let r(w) = -w**3 + 10*w**2 - 11*w - 10. Let g be r(8). What is the highest common divisor of g and 60?
30
Let w(g) = 3*g**3 + g**2 - 7*g + 3. Let l be w(3). What is the highest common factor of 18 and l?
18
Suppose -2*h - l + 134 = -4*l, -2*h = 3*l - 146. What is the greatest common divisor of h and 10?
10
Let t = 35 + -23. What is the highest common factor of 108 and t?
12
Let m = 933 - 611. What is the greatest common factor of 46 and m?
46
Suppose 4*z - 3 = 2*i - 15, -2*z = -6. Let m = 20 - i. What is the highest common factor of m and 8?
8
Let g(a) = -5*a + 17. Let c = 0 + -3. Let q(h) = 6*h - 17. Let y(f) = c*q(f) - 4*g(f). Let w be y(12). Calculate the highest common factor of 14 and w.
7
Let x(c) = -4*c + 2. Let p be x(-4). What is the greatest common factor of p and 36?
18
Suppose 5*z - 76 = 3*d - 2*d, 0 = -5*z + 5*d + 60. Calculate the highest common factor of 2 and z.
2
Let g = 13 - -167. What is the greatest common divisor of 20 and g?
20
Let c(i) = i + 34. Let h be c(-14). Let s(p) = 3*p - 1. Let j be s(3). What is the highest common divisor of j and h?
4
Let i = 371 + -209. Calculate the greatest common divisor of 18 and i.
18
Let w(f) = -5*f**2 - 7*f - 1. Let h(t) = -16*t**2 - 20*t - 3. Let u(c) = 2*h(c) - 7*w(c). Let p be u(-6). What is the highest common divisor of 11 and p?
11
Let u(z) = z. Let v be u(6). Suppose p - 1 = -9. Let x = p - -10. What is the greatest common divisor of v and x?
2
Let a(n) = n**3 + n + 222. Let c be a(0). Suppose 18 + c = 3*v. Let p = v + -52. What is the highest common factor of p and 4?
4
Let v = -83 + 151. What is the highest common factor of 17 and v?
17
Let v(c) = -2*c**2 - 23*c - 23. Let r be v(-10). Calculate the greatest common factor of 35 and r.
7
Suppose -m = -2*m + 14. Suppose -4*k - 37 - 35 = 4*s, 3*s + 96 = -5*k. Let c be ((-90)/k - 0)*m. What is the greatest common factor of 20 and c?
20
Suppose -5*m - 965 + 305 = 0. Let k(z) = -79*z**2 - z + 2. Let h be k(2). Let s = m - h. What is the highest common factor of s and 23?
23
Suppose 3*c = 5*f + 850, 205 = 3*c + 3*f - 629. Let t = -126 + c. Calculate the greatest common factor of 14 and t.
14
Suppose -3*z + 3 = -3. Let v(w) = 7*w + 1. Let g be v(1). What is the greatest common divisor of z and g?
2
Let s = -32 + 43. Calculate the highest common divisor of 121 and s.
11
Let r(l) = l**2 + 2 + l**3 + 1 + 5. Let i be r(0). What is the highest common factor of 4 and i?
4
Suppose -4*f - 40 = -h - 3*h, 0 = 5*h + f - 20. Calculate the greatest common factor of h and 10.
5
Let p be 460/35 + (-5)/35. Calculate the highest common factor of 13 and p.
13
Let p be 0 - -1 - (-17 + -17). Let n = 3 + 4. What is the greatest common divisor of p and n?
7
Suppose 2*p - 78 = z + 4*z, 4*p - 138 = z. What is the highest common factor of p and 374?
34
Let d be 0/(9/(-3)) - 9. Let f be (-2)/(-9) - 430/d. Suppose -j + 48 = j. What is the highest common factor of j and f?
24
Let q(c) = c**3 + 5*c**2 - c + 3. Let s(z) = z + 5. Let x be s(-10). Let b be q(x). What is the greatest common divisor of 8 and b?
8
Suppose 0*r - 2*r + 12 = -a, 0 = -2*r - 5*a - 12. Calculate the highest common factor of 2 and r.
2
Suppose -2*f = -7*f + 50. What is the highest common factor of 20 and f?
10
Let j(i) = 29*i**3 - i**2 + 2*i. Let r be j(1). What is the greatest common divisor of r and 15?
15
Let z be 1077/12 + 2/8. Let m = 12 - 2. Calculate the greatest common factor of m and z.
10
Suppose -123 = -5*y + 3*a - 14, y + 2*a - 14 = 0. Suppose -2*s + 8*d + 100 = 3*d, -156 = -4*s - d. Calculate the highest common factor of s and y.